 44032236439 composite?
True
Is 8242856033 a prime number?
True
Is 642285067 a prime number?
True
Is 101581889 prime?
True
Is 45568319107 a prime number?
True
Is 52066428563 a composite number?
True
Is 994466377 prime?
True
Is 148025812523 prime?
False
Is 5435210173 prime?
True
Is 638691519 prime?
False
Is 33866400454 composite?
True
Is 793629329 prime?
False
Is 21645392413 a composite number?
False
Is 1032806527 a prime number?
True
Is 24264287519 a prime number?
True
Is 22015186279 composite?
False
Is 35170374611 prime?
True
Is 3537712601 prime?
True
Is 7423770361 composite?
True
Is 35619923767 prime?
True
Is 36054028601 a prime number?
False
Is 1577888437 a composite number?
True
Is 2520777577 a prime number?
True
Is 64540388855 a composite number?
True
Is 15772012999 a prime number?
False
Is 299997332522 a composite number?
True
Is 37884472649 a prime number?
True
Is 8343353 prime?
True
Is 6755912459 a prime number?
True
Is 1919657123 prime?
True
Is 3736770829 a prime number?
False
Is 3146255867 a prime number?
False
Is 1814472973 a prime number?
True
Is 924201331 a composite number?
False
Is 98865622 a prime number?
False
Is 77970683191 prime?
True
Is 4344107191 composite?
False
Is 229316321981 a composite number?
False
Is 5910840547 prime?
True
Is 442518409 prime?
False
Is 135064520111 a prime number?
False
Is 848291539 prime?
False
Is 465470729 composite?
True
Is 14802523723 composite?
True
Is 68887447381 composite?
False
Is 1835377813 composite?
False
Is 188908387 a composite number?
False
Is 22497847627 a composite number?
False
Is 135989533 prime?
False
Is 217338067 a prime number?
True
Is 903352561 composite?
True
Is 1070872057 prime?
True
Is 4966552373 prime?
True
Is 42483438223 prime?
False
Is 1285622033 composite?
False
Is 336024721 a composite number?
False
Is 1554505549 composite?
False
Is 4902101 prime?
True
Is 5531452369 composite?
False
Is 1220001421 prime?
False
Is 3403948081 a prime number?
True
Is 10555572593 a composite number?
True
Is 783951227 prime?
False
Is 13614919583 composite?
True
Is 652148857 a composite number?
False
Is 72808963 a composite number?
False
Is 12356413213 prime?
False
Is 11612407 composite?
False
Is 5942347903 prime?
False
Is 9630495881 a prime number?
False
Is 181730515 composite?
True
Is 929720479 a composite number?
True
Is 7179458177 composite?
False
Is 1956027121 prime?
False
Is 6754762649 a composite number?
False
Is 112682718763 prime?
True
Is 198082450801 a prime number?
True
Is 6795318151 a composite number?
False
Is 41105701927 prime?
True
Is 1367632481 a prime number?
False
Is 232208071 prime?
True
Is 146604881 a prime number?
True
Is 12794337629 a composite number?
True
Is 7186164361 a composite number?
True
Is 62167207177 composite?
False
Is 3167821159 a prime number?
True
Is 5498046343 a prime number?
False
Is 138744125321 a prime number?
False
Is 66771330299 a prime number?
True
Is 14710803377 prime?
True
Is 1907849309 a prime number?
True
Is 709892674 prime?
False
Is 11415979363 a composite number?
False
Is 2185456939 a composite number?
False
Is 38469887243 composite?
True
Is 656412667 prime?
True
Is 398976413 a composite number?
True
Is 497622361 prime?
False
Is 4667969519 a prime number?
False
Is 56980984369 composite?
True
Is 841019483 a composite number?
True
Is 1885387843 a prime number?
True
Is 98285662733 a prime number?
True
Is 1456677007 a prime number?
True
Is 43170302411 a prime number?
True
Is 92649033431 prime?
False
Is 1030146019 composite?
True
Is 195806842915 a prime number?
False
Is 940795439 a composite number?
True
Is 1018943831 composite?
False
Is 36568617733 prime?
True
Is 1862283229 a composite number?
False
Is 682925161 prime?
False
Is 14085327409 composite?
True
Is 83090539577 composite?
False
Is 405705887 prime?
True
Is 784713481 a prime number?
True
Is 34042936027 a composite number?
True
Is 12350592091 a prime number?
True
Is 70223053 a prime number?
False
Is 1756748135 a prime number?
False
Is 490438387 composite?
True
Is 456215539 prime?
False
Is 15569711021 prime?
False
Is 4213208411 prime?
True
Is 417886267 a prime number?
True
Is 1183510249 composite?
False
Is 44028790885 a prime number?
False
Is 5707677329 composite?
True
Is 55256398831 a composite number?
True
Is 682341449 a composite number?
False
Is 6832864373 a composite number?
True
Is 3118646873 composite?
False
Is 2745826107 a composite number?
True
Is 11747521 a composite number?
True
Is 251548967609 a prime number?
False
Is 89410298485 a composite number?
True
Is 110032570562 prime?
False
Is 5513876993 composite?
True
Is 147542701 a prime number?
True
Is 6012187607 composite?
False
Is 30995679622 a composite number?
True
Is 814045361 a composite number?
True
Is 6991310057 prime?
False
Is 11042599489 a prime number?
False
Is 142628293913 prime?
False
Is 89620717029 prime?
False
Is 31347297217 prime?
True
Is 72758989514 a prime number?
False
Is 39080327407 a composite number?
True
Is 17180651183 a prime number?
True
Is 1344889694 a composite number?
True
Is 238377283 a composite number?
False
Is 9744479867 a composite number?
True
Is 23100063161 composite?
True
Is 1714285453 a prime number?
False
Is 3110712467 a composite number?
True
Is 146304757 composite?
False
Is 190349454605 a composite number?
True
Is 27524466857 prime?
True
Is 380342112299 composite?
False
Is 1423727507 composite?
False
Is 3282640421 a composite number?
True
Is 51150007871 a composite number?
False
Is 1216585963 composite?
True
Is 11881671419 prime?
True
Is 21538019 composite?
True
Is 524157589 composite?
True
Is 49431342607 prime?
False
Is 35170969 composite?
True
Is 2844247517 composite?
False
Is 8326389389 composite?
True
Is 43669423 a composite number?
True
Is 21022094497 composite?
False
Is 1422614687 a composite number?
True
Is 40295458277 a composite number?
True
Is 327696463 prime?
True
Is 399366979 a prime number?
False
Is 8140257365 composite?
True
Is 17255445827 a composite number?
False
Is 181004130251 a prime number?
False
Is 45110153261 prime?
False
Is 2427427081 prime?
False
Is 18960801011 prime?
True
Is 3381991003 prime?
False
Is 17110604669 prime?
False
Is 720737579 a prime number?
True
Is 30611163857 composite?
False
Is 9667126939 a prime number?
False
Is 501641869 a composite number?
False
Is 105178715111 a composite number?
False
Is 779329813 composite?
True
Is 729899197 prime?
True
Is 6897574547 a composite number?
True
Is 43636919239 composite?
False
Is 188251571 a prime number?
True
Is 773370861365 prime?
False
Is 30822661171 prime?
True
Is 277309529 a prime number?
False
Is 269434199 prime?
True
Is 270521743 composite?
False
Is 2560346071 a composite number?
True
Is 2408180531 composite?
True
Is 792463649 a composite number?
False
Is 39693554935 prime?
False
Is 2621184611 a prime number?
True
Is 62530252987 a prime number?
False
Is 26840974379 a composite number?
False
Is 1098686233 composite?
True
Is 92085943 a prime number?
True
Is 50998117241 composite?
True
Is 39512185 a prime number?
False
Is 207719177 a prime number?
False
Is 142214203 composite?
False
Is 44108277769 a composite number?
False
Is 39150931231 composite?
False
Is 43998342607 a composite number?
True
Is 183781019 composite?
False
Is 587457385 composite?
True
Is 252419333 composite?
False
Is 22186159 a composite number?
False
Is 16129555913 prime?
True
Is 2151899807 prime?
False
Is 927857731 prime?
False
Is 8840738771 a prime number?
False
Is 2057906801 composite?
False
Is 77174035313 composite?
True
Is 620053157 composite?
True
Is 7480146197 composite?
False
Is 34041228139 prime?
True
Is 704869019 composite?
False
Is 20245548503 prime?
False
Is 2045864039 a composite number?
False
Is 4346809541 composite?
False
Is 3697693621 prime?
True
Is 153846587 a prime number?
False
Is 12911893613 a prime number?
True
Is 4578661469 composite?
False
Is 2923003279 a prime number?
False
Is 638858107 composite?
True
Is 3231696407 a composite number?
True
Is 12163200031 prime?
False
Is 5249684603 prime?
False
Is 21798429409 a composite number?
True
Is 11168991839 composite?
False
Is 30931951 a prime number?
False
Is 5693598211 prime?
False
Is 11230029907 a prime number?
False
Is 678757349 prime?
False
Is 116786315441 a prime number?
True